 + 7*k. Calculate v(1).
7
Let g = 69 + -67. Let n(y) = 2*y. Give n(g).
4
Let x(d) be the third derivative of -d**4/24 + 8*d**3/3 - 8*d**2. Give x(12).
4
Let b(t) = -3*t - 2. Let f be b(-1). Let h(z) = -2*z**3 - 2*z**2 + 1. Determine h(f).
-3
Suppose -18 = -a + 17. Suppose 2*k = 4*l - 22, -4*l - l = -5*k - a. Let f(g) = g**2 + 2 - g + 3*g + 1. What is f(k)?
6
Let d(a) = a**2 + 8*a + 8. Let b(g) = 2*g - 3*g + 8 - g**2 - 10. Let q be b(2). Let v = 2 + q. What is d(v)?
-4
Let m(h) be the first derivative of -h**4/4 - h**3 + 3*h**2/2 + 3*h - 10. Give m(-4).
7
Let r(p) = -14*p + 11. Let t(o) = -5*o + 4. Let h(u) = -6*r(u) + 17*t(u). Calculate h(2).
0
Let x(r) be the third derivative of r**9/60480 - r**8/3360 - r**7/2520 + r**6/120 - r**5/10 - 2*r**2. Let y(c) be the third derivative of x(c). Calculate y(6).
-6
Let v(z) = z**2 + 2*z. Let s = 9 - 7. Let u(l) = 3*l - s*l - 3 + 4 + 0. Let o be u(-3). Give v(o).
0
Let c(g) be the second derivative of -g**4/12 + g**3/6 - g**2/2 - 11*g - 1. Calculate c(-2).
-7
Let r(o) = 5*o**2 - 6*o**3 + 56 - 3*o**2 + 2*o - 55. Let g(i) be the third derivative of i**4/24 + 2*i**3/3 + 2*i**2. Let l be g(-5). Calculate r(l).
7
Let x(f) = -19*f**2 - 4*f + 18*f**2 + 0 - 4 - 2*f. Determine x(-6).
-4
Let w(u) = -u**2 - 1. Let n(a) = a**3 + a**2 - 2*a - 1. Let o be n(-1). Let d(t) = -8*t**2 - t - 4. Let h(i) = o*d(i) - 6*w(i). Calculate h(-2).
-4
Let i(w) = 0*w**3 + 3*w**3 + w + w**3. Suppose s + 6 = 3*s. Suppose 0*p - s*p + 2*q = -1, 4*p - 2*q - 2 = 0. What is i(p)?
5
Let u(q) be the second derivative of q**4/12 + q**3/6 + 2*q**2 - 3*q. Give u(0).
4
Let h be ((-12)/(-7))/(4/14). Suppose 2*y = h*y - 5*d - 2, -4*y - d = -14. Suppose 0*n = y*n. Let l(w) = w + 8. What is l(n)?
8
Let u be 4 + -5 - 3/(-1). Let h(i) = -2*i + 1. Let x be h(-2). Let y(v) = -x*v - v**u - 3 + 1 + v. Give y(-5).
-7
Let x(t) = -t**3 + 5*t**2 + 8*t - 6. Let n be (-1 - -8) + (3 - 4). Let r be x(n). Let w(k) = k**3 - 6*k**2 + k. Give w(r).
6
Let t be 99/(-15) + 3*4/20. Let y(w) = -2*w + 1. Let i(j) = -5*j + 2. Let c(o) = 3*i(o) - 7*y(o). Calculate c(t).
5
Let t be (-12)/24*(-7 + -1). Let y(c) = 3*c**2 - c + 1 + 0*c**2 - 6. Let n(h) = -h**2 + 1. Let x(l) = t*n(l) + y(l). Calculate x(0).
-1
Let t(u) be the first derivative of 1/2*u**2 - 1 - 8*u. Let b be t(6). Let l(a) = -a**3 - 2*a**2 + a + 1. Determine l(b).
-1
Let b(x) be the second derivative of -x**5/20 - 7*x**4/12 - 15*x. Give b(-7).
0
Suppose -4*p + 19 = 5*o, 4*o - 3*p - 14 = -5*p. Let r(b) = b**2 - 4*b + 2 - 3 - b + o. Give r(3).
-4
Let p(n) be the third derivative of 1/60*n**5 + 0 - 4*n**2 + 1/6*n**3 + 0*n + 1/8*n**4. Give p(-4).
5
Let w(z) be the third derivative of -z**6/120 + z**5/30 - z**4/24 - 15*z**2. What is w(2)?
-2
Suppose 0 = -4*s - 12, -4*j + s + 16 = 5. Let w(o) = -o**2 + 2*o**j + 0*o**2 + 5*o - 10 + 0*o. Determine w(-7).
4
Let s(l) be the third derivative of l**5/60 - 5*l**4/24 - l**3/6 + l**2. Let f = 3 - -2. Let h be s(f). Let t(p) = -6*p - 1. Calculate t(h).
5
Let z be 2 + (72/(-3))/4. Let i(x) = x**2 + x - 3. Give i(z).
9
Suppose -5*y = -u - 4*u - 40, 4*y = u + 17. Let z(l) = -4*l**3 + 2*l**2 - 1 - 5*l**2 - 2*l**y + 4*l**2. Determine z(-1).
6
Let k be (-6)/(-4)*(22/(-6) + 3). Let u(c) = c. Give u(k).
-1
Let n(j) = j - 5. Suppose f - 42 = 3*b + 2*b, 0 = -4*b + 5*f - 21. Let a be (-1)/(1 - (-12)/b). Suppose q = -a*q. What is n(q)?
-5
Let o(w) = 2*w + 3 - w - 4. Suppose 18 + 6 = 3*b. Let v be -2*3*(-4)/b. Calculate o(v).
2
Suppose 4*x - 8*x = -24. Let y(c) = -x + 0*c + 9*c - 8*c. Let m be -8*((-3)/6)/1. Give y(m).
-2
Suppose -u = -3*u + 18. Let k(f) = u*f**3 - 4*f - 4*f**2 + 3*f**2 + 4*f. Calculate k(-1).
-10
Let l(s) = 2*s + 3. Let o(p) = -10*p - 14. Let m(c) = 11*l(c) + 2*o(c). Determine m(-6).
-7
Let c be (-1 - 2)*(2 + -1). Let d(b) = -2*b**2 - 6*b - 5. Let r(y) = y**2 + y. Let s(g) = c*r(g) - d(g). Give s(5).
-5
Let i(o) be the third derivative of o**6/120 - o**5/20 - o**4/8 + 8*o**2. What is i(3)?
-9
Let a(f) be the third derivative of 5/6*f**3 + 0*f + 0 + 6*f**2 + 7/24*f**4 + 1/60*f**5. Determine a(-4).
-7
Let m(w) = -4*w**2 + 6*w + 3. Let d(f) = -f**2. Suppose -r = -2*h + r + 4, -h = -4*r - 5. Let c(l) = h*m(l) - 3*d(l). Give c(5).
8
Suppose -3*h + 3 = -3*a - 6, -h - 5*a + 3 = 0. Suppose c + 0*u = u, -h*u = 4*c - 21. Let m(z) = 0*z - 4 + 4 + c + z. Calculate m(0).
3
Let d(x) = x**2 - 19*x + 32. Let m be d(17). Let k(n) = 2*n**2 + 3*n + 3. Give k(m).
5
Let q(k) = -6*k**3 + 3*k**2 - k - 1. Let o(a) = a**2 - a - 1. Let l(w) = -2*o(w) + q(w). What is l(-1)?
7
Let z(u) = -12*u**2 + 8*u**2 - 7*u**2 + u. What is z(-1)?
-12
Let b(c) = 2*c + 4. Let q(x) = -x**3 - 4*x**2 + 3*x - 7. Let h be q(-5). Give b(h).
10
Let x(k) = -5*k**2 + 9*k**2 + 5*k**2. Give x(1).
9
Let p(q) = -2*q**3 - 2*q**2 + 1. Suppose -2*k = -0*k - 6. Let n = -1 + k. Suppose 0 = -2*j - 5*f - 7, n*j = 3*j - 3*f - 2. Determine p(j).
1
Suppose -5*o - 3 = 2, 5*o = -5*l - 5. Let g(z) = -2 - 3 + z + l. Determine g(6).
1
Suppose 3 = -4*w - 5*m, -m - 6 + 5 = w. Let v = 14 + w. Let u = v + -8. Let x(j) = 2*j - 3. Calculate x(u).
5
Let p(v) = -v**2 - 4*v + 4. Let d(y) be the second derivative of y**4/12 + y**3/2 - 3*y**2/2 - y. Let n(z) = 4*d(z) + 3*p(z). What is n(1)?
1
Let h be (1/(-2))/((-5)/30). Let n(x) = h - 3 - x**2 - 3 - 5*x. Determine n(-4).
1
Suppose -2*l = -5*k + 2*l - 32, 4*l - 20 = 2*k. Let a(b) = 3*b + 0*b + b**2 + 2*b + 3. Determine a(k).
-1
Let i(x) = -8*x - 2. Let h(k) = 9*k + 2. Let l = 1 - -6. Let a(t) = l*i(t) + 6*h(t). Give a(-5).
8
Let p be (4/(-6))/(-1*4/6). Let s(f) = 5*f**3 - 2*f**2 + 2*f - 1. Give s(p).
4
Let c(q) = 2*q + 3. Let j be (-2)/((-8)/12)*-1. Determine c(j).
-3
Let x(k) = -k**3 + 7*k**2 - 6*k + 4. Let r(l) = -2*l - 8. Let p be r(-6). Suppose 0*d - h = -4*d + 25, p*d - 23 = -h. Give x(d).
4
Let u(r) = 2*r - 6. Let f(b) = 1. Let h = 3 - 1. Let d(n) = h*f(n) + u(n). Determine d(5).
6
Let i = -2 + 5. Let j(f) = f**i - f**2 + 3*f**2 + f + 3 + f. Give j(-2).
-1
Let t(w) = -2*w**2 + 4*w + 9. Let g(z) = -z**2 + 2*z + 5. Let u(f) = -7*g(f) + 4*t(f). Give u(4).
-7
Let o(j) = j**3 - 3*j**2 - j - 4. Let w be (-1)/(-2) - 15/6. Let c be w/(-1)*3/2. Give o(c).
-7
Let w(c) be the third derivative of -c**5/20 - c**4/12 + c**3/6 - c**2. Let s be 1*7 - (3 - 4). Let v = -7 + s. Calculate w(v).
-4
Let v(r) = r + 6. Suppose 2*w - 2*i - 14 = 0, 5*i - 4 = -3*w + 1. What is v(w)?
11
Let l(m) be the third derivative of m**5/60 + 5*m**3/3 - m**2. Let u = -3 - -8. Let k = u + -5. Give l(k).
10
Let z(t) = -3*t**3 + 6*t**2 - 2*t + 11. Let s(b) = -10*b**3 + 17*b**2 - 6*b + 33. Let w(y) = -2*s(y) + 7*z(y). What is w(8)?
-5
Let u(i) be the third derivative of -i**6/120 - i**5/12 - i**4/8 - i**3/6 - i**2. Let w = -11 - -7. Let v(l) = -l**2 - 2*l + 4. Let q be v(w). What is u(q)?
-5
Let m(w) = w + 14. Let g(q) = q + 13. Suppose 0*c - 24 = -4*c. Let t(n) = c*g(n) - 5*m(n). Determine t(-6).
2
Let d(i) = -i**2 - 19. Let t be ((-4)/4 + 1)/(-1). Calculate d(t).
-19
Let f = -3 + 1. Let h(z) = z**3 + 6*z**2 - 2*z - 2. Let p(s) = s**2 + 22 - 22. Let t(k) = -h(k) + 4*p(k). Determine t(f).
-2
Let v(x) = -x**2 - x - 1. Let d(q) = -q**2 - q. Let y(f) = 3*d(f) - v(f). Suppose -4*i + 0*s = 3*s - 16, -3*i - s + 7 = 0. What is y(i)?
-3
Suppose -z - 4*z = 0. Let l(p) = 2*p - 3*p + 1 - 2. Calculate l(z).
-1
Let m be 2/2*(-25)/5. Let a(n) = n**2 + 5*n + 2. Calculate a(m).
2
Suppose 5*h - 9*h + 12 = 0. Let u(a) be the second derivative of -a**3/6 + 3*a**2/2 - 2*a. Calculate u(h).
0
Suppose 22 = 2*d - 4*z, -2*d = -d + 4*z + 13. Let b be 0 + (1 - d - 1). Let i(m) = -4*m - 2. Let t(x) = 7*x + 4. Let q(l) = -11*i(l) - 6*t(l). Determine q(b).
-8
Let i(z) be the second derivative of z**7/2520 - z**6/120 + z**5/60 + z**4/3 + 2*z. Let a(s) be the third derivative of i(s). Determine a(4).
-6
Let n be 63/28 + (-1)/4. Let l(i) = -8*i - i**n + 0*i**2 + 0 - 6 + 0. Determine l(-6).
6
Let y(f) = -4*f - 3. Let u be y(-2). Let k(r) = -4*r**2 + 9 - 4 + 3*r**2 + 5*r. Give k(u).
5
Suppose -5*y = 2*g - 10, 3*g - y = -5*y + 1. Let d(x) = x**3 + 6*x**2 + 3*x - 3. Calculate d(g).
7
Let q(i) = i**3 + 3*i**2 - 5*i - 6. Suppose -4*o - 19 = u, -o = 4*u - 6 + 22. Calculate q(o).
-2
Let h(k) = 3*k**2 + k - 3. Let z(d) = 13*d**2 + 5*d - 11. Let a(c) = -9*h(c) + 2*z(c). Give a(4).